 s = -41 + m. What are the prime factors of s?
3, 17
Let r be 8/2 - (-1 + -2 - -5). Suppose 174 = g + r*g. List the prime factors of g.
2, 29
Let f(l) = 687*l**2 + 2*l + 16. What are the prime factors of f(-2)?
2, 3, 5, 23
Let s = 533 - 325. What are the prime factors of s?
2, 13
Suppose -d - 3*i + 335 = -50, -4*d + 1520 = 2*i. Let h = -254 + d. What are the prime factors of h?
5
Let h(s) = 9*s + 1. Let o = 25 - 10. Suppose -8 = -3*x + m, 4*x + m + 2*m - o = 0. List the prime factors of h(x).
2, 7
Let g(m) be the second derivative of m**4/24 + 14*m**3/3 - 5*m**2/2 - 4*m. Let s(w) be the first derivative of g(w). What are the prime factors of s(-15)?
13
Let l = -42 - -41. What are the prime factors of (1 - l) + 18/3?
2
Suppose 0 = 5*x + 16 + 4. Let q be (9/6)/((-3)/x). Suppose -q*g - 2 = -4*p + 4, 0 = 5*g + 4*p - 55. What are the prime factors of g?
7
Suppose 0 = -2*a + 2*x + 2098, 9*a - x = 5*a + 4187. What are the prime factors of a?
2, 523
Suppose 0 = -2*b + 8*b - 66. Suppose -b*z = 9*z - 4220. What are the prime factors of z?
211
Suppose b + 7*f = 3*f + 503, -3*b + 4*f = -1525. What are the prime factors of b?
3, 13
Let n = 82 - -65. Suppose -13*j + n = -2375. List the prime factors of j.
2, 97
Let x be (-9)/(-6)*8*2. Suppose 3*o + 4*u = x, u = 4*o - 0*u - 13. Suppose 0 = -3*g - o*v - 3, -5*g + 0*g + 4*v + 27 = 0. List the prime factors of g.
3
Suppose 1676 = 5*j + f - 4*f, j - f = 334. List the prime factors of j.
337
Let j = 7 - -19. Let a be 6/39 + (-4)/j. Suppose -2*w = -a*w - 50. List the prime factors of w.
5
Let s(m) = 24*m**2 - 15*m. Suppose 2*y = 21 - 15. List the prime factors of s(y).
3, 19
Let i be -26 - 0/(5 - 2). Let r = i + -19. Let c = -10 - r. What are the prime factors of c?
5, 7
Let s(i) = 1 + 52*i + 5 - 4. What are the prime factors of s(1)?
2, 3
Let q(c) = c**3 + 8*c**2 + 6*c - 4. Let k be q(-7). Suppose -2*g - 36 = -k*g. Suppose -4*u - g = -j, -j = 4*u - 3 - 1. What are the prime factors of j?
2, 5
Let l(h) be the third derivative of 1/8*h**4 + 0*h + 4*h**2 - 2/3*h**3 + 0. What are the prime factors of l(4)?
2
Suppose -3*d + 5*n = -1826, 3*d + 3*n - 1939 + 145 = 0. What are the prime factors of d?
2, 7, 43
Suppose 0 = 4*z + 2*k - 50, z + 4*k + 0*k - 23 = 0. Suppose 2*r + z = 39. Suppose 2*n = 18 + r. What are the prime factors of n?
2
Suppose -u = 3*u - 12. Suppose -s + u*r + 43 = 0, 0*s - 162 = -4*s + 2*r. What are the prime factors of s?
2, 5
Let k(s) = 178*s**2 - 6*s - 1. Let d be k(-1). Suppose -o - 2*f - f = -47, -5*o = 2*f - d. List the prime factors of o.
5, 7
Let h = -1 + 3. Let x be ((-2)/4)/((-1)/h). What are the prime factors of 10 + -7 - (0 + x)?
2
Let j = 36 - 46. What are the prime factors of 173 + 16/(-6)*15/j?
3, 59
Let f be (1 + 29/(-4))*-20. Let d = 365 - f. List the prime factors of d.
2, 3, 5
Let u = -361 - -449. Let d(x) = -x**3 - 3*x**2 - 4*x + 2. Let s be d(-6). Let q = s - u. List the prime factors of q.
2, 23
Let a = -16 - -6. Let c = a - -18. Suppose s = -t + 33, -3*s - 4*t + 111 - c = 0. What are the prime factors of s?
29
Let o(q) = 8*q**2 + 61*q + 210. List the prime factors of o(-29).
3, 1723
Let u(n) = 1012*n - 195. List the prime factors of u(2).
31, 59
List the prime factors of -16*(-24)/(-3)*(-242)/8.
2, 11
Let o = 499 + 170. What are the prime factors of o?
3, 223
Suppose -4*u + 3*h + 54 = -u, -2*u = 3*h - 16. Let m(j) = -12*j - 16*j**2 - 11 + 0 + 3*j**2 + j**3 - 6. What are the prime factors of m(u)?
11
Suppose -1312 = -6*u + 422. Suppose 8*s = -u + 897. List the prime factors of s.
2, 19
Suppose 17*w - 12*w = -4*g + 2865, -w - 2*g + 573 = 0. What are the prime factors of w?
3, 191
Suppose g = n - 88, 6*n - 2*n = 2*g + 180. Let l = -50 - g. Suppose -m + 4 = 2*q - 3*q, l = 3*m + 5*q. What are the prime factors of m?
7
Let l = 1154 - 696. What are the prime factors of l?
2, 229
Suppose 4*m + 5 = -7. Let c be 3/(-3) - m - 10. Let z = 20 + c. What are the prime factors of z?
2, 3
Let k be 4/3*(-54)/(-12). Suppose k*g + 4*c - 3360 = 3*g, -5*g + 5565 = -5*c. List the prime factors of (-2)/7 - g/(-84).
13
Suppose -4*n + 8*n - 1474 = -2*y, 761 = y - 4*n. List the prime factors of y.
5, 149
Suppose 436 = -r + 5*r. Suppose -t + 11 + 39 = 5*v, -2*t - v = -r. List the prime factors of t.
5, 11
Suppose 3*v + 20*h = 16*h + 2162, -3*v + 2165 = h. List the prime factors of v.
2, 19
Let l(r) = -r + 3. Let v be l(0). List the prime factors of (-1)/3 - (-43)/v.
2, 7
Suppose -3*l + 12 = o, -4*o + 2*o + 24 = 4*l. List the prime factors of o.
2, 3
Let a = 3041 + -1973. What are the prime factors of a?
2, 3, 89
Let d(z) = z - 10. Let f be d(15). Suppose c + 3*v = v + 7, -f*v + 14 = -c. List the prime factors of 3*(c - (1 - 5)).
3, 5
Let y(w) = -14*w + 31*w + 13 - 16*w. Suppose 3*k - 5*t = k - 7, 5*k - 4*t = -26. What are the prime factors of y(k)?
7
Suppose -12*b = -17*b + 5. Let w(y) = 5*y + 40*y**3 - 5*y - 6*y**3 - y**2. What are the prime factors of w(b)?
3, 11
Let h = 923 + -506. What are the prime factors of h?
3, 139
Let a(r) be the third derivative of -r**4/12 + 4*r**3 - 2*r**2 - 93. Let o(w) = w**3 - 7*w**2 + 5*w + 6. Let z be o(6). What are the prime factors of a(z)?
2, 3
Let h(w) = -w**3 + 13*w**2 + 14*w + 3. Let a be h(14). Suppose a = -3*v + 3*y, -4*v + y + 7 = -v. Suppose v*r = 10*r - 120. List the prime factors of r.
2, 5
Let q = 4318 + -2707. List the prime factors of q.
3, 179
Let z = 12 + -10. Let v(s) = 2*s - 2*s + 7*s - z*s - 11. What are the prime factors of v(5)?
2, 7
Let x be (-14)/6*(0 - 6). Suppose x*p + 960 = 20*p. What are the prime factors of p?
2, 5
Let y = 23 + -40. Suppose 4*w + 2*g + 168 = 0, -8*g - 127 = 3*w - 6*g. Let m = y - w. What are the prime factors of m?
2, 3
Let q be 0 + -3 + 6 - -3. Suppose -q*o + 2*o + 148 = 0. Suppose 70 = 5*g + 4*z, 5*g - 4*z - o - 73 = 0. List the prime factors of g.
2, 3
Let w = 110 - 110. Suppose 3*v - 19 = n, -4*n + 0*n = v - 15. Suppose w = x - 13 - v. What are the prime factors of x?
2, 5
Let q(x) = 2*x + 41. Let l be q(-20). Let w(f) = 41*f**2 + 2*f - 3. List the prime factors of w(l).
2, 5
Suppose 56*w = 60*w - 2664. List the prime factors of w.
2, 3, 37
Let j = -205 - -287. List the prime factors of j.
2, 41
Suppose -2*n = 2*n - 4. Let c(o) = -n - 2*o - 3*o + o - 6. What are the prime factors of c(-6)?
17
Let c be ((-137)/(-5))/(28/140). Let f = c - 93. What are the prime factors of f?
2, 11
Let o = -12 + 53. Let w = o - 0. List the prime factors of w.
41
Let p(n) = -2*n - 7. Suppose 3*a = 6*a - 18. Let z be p(a). Let x = z + 60. What are the prime factors of x?
41
Let g(y) = y**2 + 7*y - 17. Let q be g(-8). What are the prime factors of ((-60)/q)/((-6)/(-90))?
2, 5
Let d be (-2)/(-8) + (-401)/(-4)*15. What are the prime factors of d/14 - (-6)/(-14)?
107
List the prime factors of (22/8 + 1)/((-54)/(-20232)).
5, 281
Suppose 0 = -d + 5*m + 613, 8*d - 2452 = 4*d + m. List the prime factors of d.
613
Suppose 0 = -2*s - 5*g + 155, -s + 3*g = 4*s - 465. Suppose t - s = -t. What are the prime factors of t?
3, 5
Suppose 28 = c + 4*f, -4*f = -c - f - 7. Suppose 13*h = c*h + 350. What are the prime factors of h?
2, 5, 7
Suppose -k + 6*k + 520 = 0. Let u = -59 - k. What are the prime factors of u?
3, 5
Suppose -3*v - 5*c + 34 = 0, -3*v - 16 = -0*v - 5*c. Suppose 553 = 3*s - 4*u, v*s + 195 = 4*s - 4*u. What are the prime factors of s?
179
Let s(n) be the second derivative of n**5/30 + n**4/12 - 4*n**3/3 - 3*n**2 + 8*n. Let t(q) be the first derivative of s(q). What are the prime factors of t(-4)?
2
Let j = -363 + 174. Let k = j + 337. What are the prime factors of k?
2, 37
Let h be -90*(27/(-2))/9. Suppose -5*f + 147 = -2*k, -5*k - h + 31 = -4*f. What are the prime factors of f?
31
Let g(m) = -9*m**2 - 20*m - 33. Let b(l) = 4*l**2 + 10*l + 17. Let i(w) = 5*b(w) + 2*g(w). What are the prime factors of i(-7)?
47
Let f(o) = o**3 - 3*o**2 + 11*o - 5. Let q(a) = a**2 + a - 24. Let x be q(-6). List the prime factors of f(x).
13
Suppose 3*h - 942 = -f + 263, 0 = 4*h - 4*f - 1596. List the prime factors of h.
401
Let y be (-1)/4 - 81/(-4). Let j be 3/27 + (-3)/27. What are the prime factors of y + -6 + (3 - j)?
17
Let g(k) = 78*k - 9. List the prime factors of g(11).
3, 283
Let q be (-25 - 0)*(-6)/5. Let v = q + 19. List the prime factors of v.
7
Let 